 - -48. Let w = c - -57. What is the units digit of w?
9
Let o(f) = 2*f**2 + f + 1. Let g be o(-1). Suppose 0 = 4*s - 8*s + 5*l + 24, 0 = -g*s - 5*l + 12. What is the units digit of s?
6
Let n(j) = j**2 + 3*j - 2. Let q be n(2). Let a = q - 0. What is the units digit of a?
8
Let i = 22 - 11. Suppose 0 = 4*a - 1 - i. What is the units digit of ((1 - a) + -8)/(-2)?
5
Let o = 14 - -8. What is the units digit of o?
2
Suppose u = -4*u + 160. Suppose -2*s + u = -2*o, -4*o + 21 = -s + 2*s. What is the units digit of s?
7
Let q be ((-2)/(-6))/((-4)/(-48)). Suppose -3*i = 3*y + 15, -q*y = 4 + 4. Let p = i - -15. What is the tens digit of p?
1
Let z(y) = y**2 - y - 3. Let w(g) = g - 5. Let q be w(8). Let n be z(q). Suppose 2 = h, -n*c - 5*h = -6*c - 4. What is the units digit of c?
2
Suppose 4*n + 4*d = d + 109, -5*d + 140 = 5*n. What is the tens digit of n?
2
Let i(m) = 4*m - 16. Let j be i(14). Suppose -j = d - 5*d. What is the tens digit of d?
1
Let n(r) = 4*r**2 + 2*r + 2. What is the units digit of n(-1)?
4
Suppose h = -2*f + 3, 5*h - 5 = f + 10. Suppose -7 = 5*b + h. What is the units digit of (21/(-12))/(b/8)?
7
Let f(m) = -34*m + 1. Let p be f(-1). Suppose 0 = 3*h - p + 5. Suppose -b = 4*s - h, 2*s + s - 33 = -5*b. What is the units digit of b?
6
Let w(j) = -j**3 - 8*j**2 + 1. What is the units digit of w(-8)?
1
Let i(c) = c**3 - 4*c**2 - c - 1. Let a be i(7). Let z = a - 99. What is the units digit of z?
0
Suppose 2*l - 5 = -1. Let d be ((-3)/2)/((-27)/36). Suppose -d*n = n + 9, l*v + 2*n = 8. What is the units digit of v?
7
Let u(d) = d**3 - 2*d**2 - 2. Let o be u(2). Let z be 1/(-1)*(1 - o). What is the units digit of (-3)/(z/2) - 1?
1
Suppose 0 = 4*l - 2*u - 660 - 290, 233 = l - 5*u. Suppose 0 = -3*y - 4*b + 191, -4*y - 2*b = -0*b - l. What is the tens digit of y?
5
Let f = 2 + 3. Suppose f*h = 100 - 30. What is the units digit of h?
4
Suppose -3*p - p = -132. What is the tens digit of p?
3
What is the tens digit of 15/2 + -6 + (-225)/(-2)?
1
Let g = 41 + 103. Let r be g/14 + 2/(-7). Suppose -x = -5, 0*s - r = s - 3*x. What is the units digit of s?
5
Let s(z) = 3*z**2 - 5*z - 51. What is the units digit of s(-5)?
9
Let o(h) = h**2 - 3*h - 2. Let d be o(4). Suppose -4*v + 9*v = 2*y - 15, 0 = -d*y + 4*v + 12. Suppose y = -t + 16 - 3. What is the tens digit of t?
1
Let n(b) = b**2 + 6*b - 4. Suppose 0 = 4*l - 1 + 29. What is the units digit of n(l)?
3
Suppose -8*l + 2*l = -264. What is the tens digit of l?
4
Let l(r) = 10 - 9*r - 8 + r**2 + 2*r. What is the units digit of l(7)?
2
Let x be 7/(21/6) - -2. What is the units digit of 18 + x/((-8)/4)?
6
Suppose y = -0 + 9. Suppose 0 = -d - 5*v - 12 - y, 3*v = -3*d - 3. What is the units digit of d?
4
Suppose -5*b = 2*c - 129, 3*b = c + 4*c - 307. What is the units digit of c?
2
What is the tens digit of (-1 + 2)/(9 - 16336/1816)?
2
Let w = 2 + 1. What is the units digit of 23/3 + (-2)/w?
7
Let k(l) = 4*l**2 - 7*l + 1. What is the hundreds digit of k(6)?
1
Suppose 5*k = -4*p + 113, -3*p + 2*p + k + 35 = 0. Suppose 4*o - 28 = p. What is the units digit of o?
5
Let r(v) be the second derivative of v**3/3 - v**2/2 - 6*v. What is the units digit of r(1)?
1
Suppose 0 = 6*s - 4*s - 76. What is the units digit of s?
8
Suppose -j + 3 = -17. Suppose 0 = -2*v + z + 113, 234 - j = 4*v + 2*z. What is the units digit of v?
5
Suppose 19 = -2*c + 13. Let b(w) = 3 - 2*w - 3 - 1. What is the units digit of b(c)?
5
Let x(t) = 5*t**3 - 4*t**2 + 4*t - 2. Let a be x(2). What is the units digit of (4/5)/(4/a)?
6
What is the tens digit of 897/6 + 6/12?
5
Let o = 264 + -112. What is the hundreds digit of o?
1
Let f be (-2 + 3)/((-2)/(-6)). Suppose 0 = -2*o + 3*p + 3 + 34, -f*o + 38 = -p. What is the units digit of o?
1
Let z = -77 + 110. What is the units digit of z?
3
Suppose -p = 4*f + p - 72, 2*f = 5*p + 12. What is the units digit of f?
6
Suppose m - 4*d + 1 = 0, 3*m + 0*d = 5*d + 25. Suppose -12 = -c - 2*a, 5*c - 2*a - 3*a = m. Let n = c - 3. What is the units digit of n?
3
Suppose 5*s - 1 = -16, -2*s = 2*m + 410. Let o = -386 - m. What is the units digit of 2/(-9) + o/(-18)?
0
Let u(h) = 5*h**2 + 2*h + 2. Let k be u(-3). Suppose 5*c + 109 = 2*r, 27 = -5*c + 5*r - 73. Let q = c + k. What is the units digit of q?
8
Suppose -s = 4*l - 212, -s = -0 - 4. What is the tens digit of l?
5
Suppose d + 0*d = 9. Let a be 1662/d + (-6)/9. What is the tens digit of 2/(-9) + a/18?
1
Let w(b) = 16*b**2 - 4. What is the units digit of w(2)?
0
Suppose 0*k + 2*k + 6 = 0, 3*r + 2*k = 78. What is the units digit of r?
8
Suppose 0*i = 2*i - 12. What is the units digit of 9*(3 - 1)/i?
3
Let l = -4 + 36. What is the tens digit of l?
3
What is the units digit of (-2 - 1)*(0 + -1)?
3
Let v(d) = -d**3 + 8*d**2 + d - 2. Let r be v(8). Suppose 6 = 3*i - r. What is the units digit of i?
4
Let m be (-7)/(-21) + 2/3. Suppose -41 = -3*g + 4*j, m = -2*g - 4*j + j. What is the units digit of g?
7
Let s(o) = 13*o + 17. What is the tens digit of s(11)?
6
Suppose 3*p - 5*z - 42 = 0, 0 = 5*p + 3*z - 24 - 46. Suppose a - p = -a. What is the units digit of a?
7
Let k(n) = -n**3 - 7*n**2 + 6. What is the units digit of k(-8)?
0
What is the units digit of 0*(-1)/(-2) + (-150)/(-3)?
0
Suppose q - 6*q = -50. Let f = q - 5. Suppose 4*h - 3 = f. What is the units digit of h?
2
Suppose 0*n - n = -3. Suppose -y = -n*y + 50. What is the tens digit of y?
2
Let z(p) = -18*p**3 + p**2 + 2*p + 1. Let q be z(-1). Suppose -5*r + q + 37 = 0. What is the tens digit of r?
1
Suppose 0*d + d - 4*y = 36, 0 = 4*d - 3*y - 92. Let q = d - 12. What is the units digit of q?
8
Suppose -66*f = -60*f - 726. What is the tens digit of f?
2
Let y be 2/7 - (-564)/(-14). Let l be y/(-6)*(-18)/15. Let s = -3 - l. What is the units digit of s?
5
Suppose 4*g - q = 4 + 22, -4 = -2*q. Let l(k) = k**3 - 8*k**2 + 8*k + 4. What is the units digit of l(g)?
1
Suppose 4*z + 16 = 0, 14 + 36 = 5*y + 5*z. What is the units digit of y?
4
Suppose -2*s + 5*s = 9. Let k = 7 - 8. Let y = s - k. What is the units digit of y?
4
Let f(a) = -a**2 + 5. Let n be f(0). Suppose -2*t + n*t = 24. What is the units digit of t?
8
Suppose 106 = 2*w + 4*d, -w + d - 6*d + 53 = 0. What is the tens digit of w?
5
Suppose 5*v - 363 = 212. What is the tens digit of v?
1
Let s(f) = 6*f**2 - 5*f - 10. Let w(m) = -m**2 + 1. Let v(k) = s(k) + 5*w(k). Suppose 0 = 3*q - 25 + 7. What is the units digit of v(q)?
1
Let f = 1 + 22. Let j = -16 + f. What is the units digit of j?
7
Suppose 0 = 3*r - 136 - 185. What is the tens digit of r?
0
Let o(s) = s**3 + 9*s**2 - s + 3. Let b be o(-9). Let u(c) = c**2 - 10*c + 2. What is the units digit of u(b)?
6
Suppose 2*n + n - 90 = 0. What is the units digit of n?
0
Suppose 0 = m - 2*m. Suppose 8 = -4*y + 3*y - 4*p, 5*p + 10 = m. Suppose 14 = 2*t - y*t. What is the units digit of t?
7
What is the units digit of -6*22*2/(-4)?
6
Let c = 346 - 181. What is the tens digit of c?
6
Let d(s) = -s**3 - 5*s**2 + 4*s - 2. Let k be d(-6). Let j = k - 0. What is the units digit of j?
0
Suppose x - 3*s - 6 = 105, -2*x + 222 = 5*s. Suppose 0 = 4*p, 4*b - b - x = p. What is the units digit of b?
7
What is the units digit of (198/15*-5)/((-4)/10)?
5
Let a = -1 - -1. Let s be (-8 - -4) + 8 + -4. Suppose g + a - 4 = s. What is the units digit of g?
4
Let o = -2 - -4. Suppose 0 = o*r - 5*h, -r + 6 = r - 2*h. Suppose 0*g = -4*q - g - 1, -30 = -r*q + 5*g. What is the units digit of q?
1
Let y = 78 + -61. What is the units digit of y?
7
Let o(t) = 13*t**3 - 49*t**2 + 19*t + 24. Let k(m) = 3*m**3 - 12*m**2 + 5*m + 6. Let q(d) = -9*k(d) + 2*o(d). What is the tens digit of q(9)?
1
Let q = 9 - 5. What is the units digit of q/(-1*(-8)/44)?
2
What is the tens digit of 146 + -1 + -3 - 2?
4
Let h(a) = 11*a + 8. Let u be h(9). Suppose 3*z + z - 67 = 3*w, -5*z = 4*w - u. Suppose -z = -2*q + 5*y, -2*q + 3 = -2*y - 7. What is the units digit of q?
2
Let w(p) = -p**3 - 3*p**2 - 3*p + 4. What is the units digit of w(-3)?
3
Let r(a) = -a**3 - 6*a**2 - 6*a - 3. Let g be r(-5). What is the units digit of 8 - -1 - (g - 1)?
8
Suppose 5*n - h - 31 = 13, -4*h = 3*n - 8. Let l = 22 - n. What is the tens digit of l?
1
What is the units digit of (-6 + 36)/((-4)/(-2))?
5
Let l be (0 - 5)*15/(-25). Suppose l*m = 4*t - 154, -m - 157 = -4*t + 